
a558 (base 14) to base 7
146041
-1801444 (base 11) to base 7
-35011424
What is -7cee3 (base 15) in base 2?
-1100001001110011110
What is 2bae6 (base 15) in base 5?
14001331
Convert -11111100010110100110 (base 2) to base 7.
-11533344
Convert 5204609 (base 10) to base 13.
1102c67
-13d0493 (base 14) to base 10
-9643329
Convert 15077273 (base 8) to base 6.
201423215
What is -39a8c (base 15) in base 13?
-66066
Convert 1020101202202 (base 3) to base 16.
a07ed
Convert 14a0214 (base 12) to base 4.
33332230300
What is -224433 (base 8) in base 16?
-1291b
What is -1150165 (base 12) in base 5?
-1323314332
Convert -1211100221002 (base 3) to base 8.
-3551671
-3078758 (base 13) to base 6
-1243015442
Convert 23761154 (base 9) to base 8.
54233205
What is -11111001101 (base 3) in base 8?
-254266
15454500 (base 6) to base 14
105176
-4cb215 (base 15) to base 7
-43205300
Convert -452134 (base 7) to base 2.
-10011100001111001
2b858 (base 12) to base 11
423a1
1a6c2 (base 13) to base 16
c9f7
What is 222010311 (base 4) in base 5?
21003331
425807 (base 9) to base 14
685d8
3310302000 (base 4) to base 2
11110100110010000000
Convert 1a87a (base 12) to base 4.
21211132
19d65a (base 16) to base 8
6353132
What is 2101002022 (base 3) in base 6?
1000142
-36397 (base 13) to base 14
-2838c
Convert -431b0 (base 16) to base 5.
-32243424
514145134 (base 6) to base 14
1271998
Convert -123210200 (base 4) to base 7.
-650144
Convert -20310013 (base 4) to base 5.
-2123403
Convert -72340 (base 8) to base 14.
-ac92
3327391 (base 11) to base 7
100420124
705201 (base 9) to base 3
210012020001
What is -38a033 (base 13) in base 4?
-11031012123
What is 1314624 (base 7) in base 11?
108385
-4024315 (base 6) to base 8
-563367
What is -233131400 (base 7) in base 4?
-312312023333
-21848007 (base 9) to base 13
-22727b3
Convert 101100011101011100001 (base 2) to base 12.
5a3115
Convert -300113 (base 4) to base 15.
-db5
What is -11330031331 (base 4) in base 13?
-426b2c
What is -205817 (base 13) in base 11?
-476222
-433543 (base 6) to base 2
-1000110000000111
-1a543 (base 13) to base 10
-51431
-440354 (base 7) to base 11
-52957
What is -24075 (base 10) in base 6?
-303243
Convert -5573777 (base 10) to base 8.
-25206221
105652 (base 7) to base 9
27767
Convert -100100011000001001 (base 2) to base 3.
-21120101120
Convert -110001001000100101010 (base 2) to base 10.
-1610026
-556260 (base 8) to base 9
-315258
Convert -111031032 (base 4) to base 8.
-251516
Convert -5fe4b2 (base 16) to base 4.
-113332102302
What is 1604422 (base 7) in base 4?
311232223
-2221111100 (base 3) to base 2
-1110001001011111
What is 10001000001000101111 (base 2) in base 14?
1072d9
Convert -53430204 (base 6) to base 5.
-400342331
Convert -586034 (base 12) to base 14.
-28d932
What is 1000010010010001010 (base 2) in base 8?
1022212
28620 (base 12) to base 15
119a9
Convert 10001010110010100000 (base 2) to base 13.
16b9a3
-4410432 (base 8) to base 2
-100100001000100011010
What is -221231002312 (base 4) in base 10?
-10932406
What is b5d96 (base 15) in base 9?
1068216
202a1 (base 14) to base 5
4433430
303110 (base 7) to base 10
51506
What is -3354314 (base 6) in base 8?
-515406
Convert -202210102221002 (base 3) to base 5.
-10312111414
What is -163999 (base 11) in base 14?
-68851
What is 1001111011011111101001 (base 2) in base 11?
1518730
20644ac (base 14) to base 15
1523b8a
1869933 (base 10) to base 15
26e0c3
Convert -601205 (base 11) to base 14.
-1b2a28
What is 20122022021202 (base 3) in base 2?
1101011101101001010010
What is 23c4c0 (base 14) in base 2?
100101011000001001000
Convert -1133300033 (base 4) to base 12.
-16ab7b
Convert 113202433 (base 5) to base 16.
7f803
What is 10108213 (base 9) in base 14?
902ab6
-114a2a (base 15) to base 14
-176d30
Convert -24441035 (base 7) to base 15.
-2d5508
-8b48c (base 14) to base 13
-bb064
Convert 10101001101011010110011 (base 2) to base 13.
11c8944
What is 1111001101010 (base 2) in base 14?
2ba2
20367a9 (base 11) to base 2
1101101101111011011101
Convert 6c2c7 (base 16) to base 13.
1268a0
-520912 (base 11) to base 10
-835639
-8641aa (base 13) to base 14
-5c0379
What is -1329672 (base 13) in base 5?
-3020044230
-30332110 (base 4) to base 14
-1551a
-93b3a (base 13) to base 3
-111111021010
Convert 2113330220 (base 4) to base 13.
18a391
-2016045 (base 7) to base 10
-239790
Convert 3a3593 (base 11) to base 15.
c7de3
3840421 (base 9) to base 15
2b5387
What is -19d16 (base 14) in base 5?
-4100210
Convert -160179 (base 11) to base 10.
-249104
Convert -52335 (base 12) to base 6.
-2150105
Convert 101001110011 (base 2) to base 12.
166b
What is 21213220 (base 4) in base 15?
ba1a
Convert 164246 (base 8) to base 7.
335432
246733 (base 10) to base 5
30343413
100011001000000001111 (base 2) to base 6
40400355
3335332 (base 7) to base 15
82321
-10111130 (base 4) to base 16
-455c
What is -90698 (base 12) in base 8?
-556324
Convert 2543015 (base 6) to base 8.
415463
Convert -b423 (base 16) to base 2.
-1011010000100011
-1599627 (base 11) to base 3
-12010020221121
Convert 211455403 (base 6) to base 12.
12b7563
297549 (base 12) to base 8
2521511
77820 (base 13) to base 14
58d76
What is -21012122110 (base 3) in base 2?
-100010101001001001
22110220200020 (base 3) to base 16
44c070
Convert 1101101110111111001 (base 2) to base 5.
103400131
What is -2253293 (base 10) in base 15?
-2e7998
What is 12a55c (base 14) in base 3?
1012200020200
832c76 (base 15) to base 6
341400220
-111220101120110 (base 3) to base 8
-34137240
-1c10e (base 15) to base 14
-25420
Convert -2751527 (base 12) to base 13.
-180a4b9
What is -2050222 (base 6) in base 9?
-162005
Convert 131040044 (base 5) to base 9.
1180210
Convert 5518 (base 11) to base 6.
53411
Convert 10420551 (base 6) to base 4.
1030213303
Convert -2a4d0 (base 15) to base 14.
-37851
What is 78067 (base 10) in base 14?
20643
What is 44235666 (base 7) in base 10?
3807642
-122022010122112 (base 3) to base 7
-141103322
What is -23be5b (base 15) in base 4?
-12201232022
What is -670128 (base 9) in base 6?
-12325212
Convert -1030131 (base 4) to base 10.
-4893
Convert -11110100111110110100 (base 2) to base 15.
-14c4b4
-4203075 (base 8) to base 9
-2080416
What is 121e44 (base 15) in base 14?
18807c
Convert 1100011100110000111 (base 2) to base 12.
1780b3
What is 136 (base 7) in base 8?
114
-304155 (base 6) to base 7
-130511
Convert 10557634 (base 11) to base 2.
1001101101110100010011111
What is -122274 (base 9) in base 15?
-16d3d
What is -4616366 (base 7) in base 3?
-1002021020202
What is -43908 (base 13) in base 11?
-83a30
Convert -24104121 (base 5) to base 4.
-312103023
-419c78 (base 13) to base 10
-1535633
What is -114566243 (base 7) in base 16?
-6d3f10
What is 313321430 (base 6) in base 11?
3106aaa
-b86805 (base 14) to base 9
-12662561
Convert -5041116 (base 7) to base 4.
-2102003232
Convert 100530652 (base 7) to base 6.
325304454
-110201121020200 (base 3) to base 7
-111325350
1864912 (base 11) to base 12
1081455
What is -1236058 (base 9) in base 6?
-22234425
-386b (base 12) to base 14
-24a7
Convert 1088656 (base 9) to base 10.
590298
What is 105efc (base 16) in base 12?
438a78
What is -3a5ff0 (base 16) in base 6?
-213555200
-f1f2 (base 16) to base 14
-18802
23451403 (base 6) to base 2
10110100000111111011
-93a85 (base 11) to base 8
-413551
e6dbde (base 15) to base 2
101001111001000010110111
What is -574710 (base 9) in base 14?
-8d86c
-132789 (base 12) to base 11
-1a6138
902295 (base 11) to base 4
11202212303
What is 224204 (base 10) in base 12?
a98b8
What is 173352 (base 9) in base 12?
52225
1b36c17 (base 13) to base 3
121221212001202
What is -100202011111001 (base 3) in base 13?
-10c4938
What is b1072 (base 12) in base 2?
111000001000010110
What is 1230052 (base 6) in base 2?
10000001001010000
-5452544 (base 6) to base 3
-111210102201
22100110212102 (base 3) to base 10
4438055
Convert -55a98 (base 13) to base 14.
-409c9
What is 111021001122 (base 3) in base 8?
775642
Convert -112101 (base 8) to base 2.
-1001010001000001
What is 16665652 (base 8) in base 12?
13796b6
Convert -131113402 (base 5) to base 13.
-197690
What is -440102 (base 7) in base 15?
-17ba8
-10011101101001100110 (base 2) to base 11
-401171
What is 44130131 (base 6) in base 8?
5016307
-1101220122212 (base 3) to base 16
-b6309
What 